{"id":54,"date":"2021-02-21T11:46:16","date_gmt":"2021-02-21T11:46:16","guid":{"rendered":"https:\/\/praetorius-projekt.de\/?page_id=54"},"modified":"2021-10-19T12:39:44","modified_gmt":"2021-10-19T12:39:44","slug":"interpreten","status":"publish","type":"page","link":"https:\/\/praetorius-projekt.de\/index.php\/interpreten\/","title":{"rendered":"Interpret*innen"},"content":{"rendered":"<p><strong>Die Interpret*innen:<\/strong><\/p>\n<p><a href=\"https:\/\/www.michaelgees.com\/\">Michael Gees<\/a>\u00a0 &#8211; Improvisation<\/p>\n<p><a href=\"http:\/\/instrumentalverein-dortmund.de\/texte\/solisten\/041_rm%20klaas.html\">Rainer M. Klaas<\/a> &#8211; Hochman, Klaas, Marks, Vollmer<\/p>\n<p><a href=\"https:\/\/www.jona-kuemper.de\/\">Jona K\u00fcmper <\/a>&#8211; K\u00fcmper, Sch\u00e4fer-Schwartze, Schneider, Vogler<\/p>\n<p><a href=\"http:\/\/www.mishory.de\/\">Gilead Mishory<\/a> &#8211; Heucke, Hofmann, Mishory, Schultz<\/p>\n<p><a href=\"http:\/\/www.edwardrushton.net\/\">Edward Rushton<\/a> &#8211; Hesse, Rushton, Wadsworth, Walter<\/p>\n<p><a href=\"https:\/\/www.annettetoepel.de\/\">Annette T\u00f6pel<\/a> &#8211; Pavanen von Praetorius und Caroubel, Pieper, Pohl-Hesse, Stadtfeld, T\u00f6pel,<\/p>\n<p><a href=\"https:\/\/de.wikipedia.org\/wiki\/Hwa-Kyung_Yim\">Hwa-Kyung Yim<\/a> &#8211; Birkenk\u00f6tter, Iradyan, St\u00e4bler, Wolf<\/p>\n\n\n<p><\/p>\n","protected":false},"excerpt":{"rendered":"<p>Die Interpret*innen: Michael Gees\u00a0 &#8211; Improvisation Rainer M. Klaas &#8211; Hochman, Klaas, Marks, Vollmer Jona K\u00fcmper &#8211; K\u00fcmper, Sch\u00e4fer-Schwartze, Schneider, Vogler Gilead Mishory &#8211; Heucke, Hofmann, Mishory, Schultz Edward Rushton &#8211; Hesse, Rushton, Wadsworth, Walter Annette T\u00f6pel &#8211; Pavanen von Praetorius und Caroubel, Pieper, Pohl-Hesse, Stadtfeld, T\u00f6pel, Hwa-Kyung Yim &#8211; Birkenk\u00f6tter, Iradyan, St\u00e4bler, Wolf<\/p>\n","protected":false},"author":2,"featured_media":0,"parent":0,"menu_order":0,"comment_status":"closed","ping_status":"closed","template":"","meta":{"footnotes":""},"class_list":["post-54","page","type-page","status-publish","hentry","nodate","item-wrap"],"_links":{"self":[{"href":"https:\/\/praetorius-projekt.de\/index.php\/wp-json\/wp\/v2\/pages\/54","targetHints":{"allow":["GET"]}}],"collection":[{"href":"https:\/\/praetorius-projekt.de\/index.php\/wp-json\/wp\/v2\/pages"}],"about":[{"href":"https:\/\/praetorius-projekt.de\/index.php\/wp-json\/wp\/v2\/types\/page"}],"author":[{"embeddable":true,"href":"https:\/\/praetorius-projekt.de\/index.php\/wp-json\/wp\/v2\/users\/2"}],"replies":[{"embeddable":true,"href":"https:\/\/praetorius-projekt.de\/index.php\/wp-json\/wp\/v2\/comments?post=54"}],"version-history":[{"count":8,"href":"https:\/\/praetorius-projekt.de\/index.php\/wp-json\/wp\/v2\/pages\/54\/revisions"}],"predecessor-version":[{"id":231,"href":"https:\/\/praetorius-projekt.de\/index.php\/wp-json\/wp\/v2\/pages\/54\/revisions\/231"}],"wp:attachment":[{"href":"https:\/\/praetorius-projekt.de\/index.php\/wp-json\/wp\/v2\/media?parent=54"}],"curies":[{"name":"wp","href":"https:\/\/api.w.org\/{rel}","templated":true}]}}